ed by h.
0
What is the remainder when 129 is divided by (3 + (3 - 9))/(3/(-13)) - 3?
9
Let y(q) = q**2 + 4*q - 999. Calculate the remainder when 179 is divided by y(-36).
26
Suppose 4*k + 4*f = 696, 90 = 4*k - 2*f - 558. Calculate the remainder when 1173 is divided by k.
11
Suppose -5127 + 20017 = 3*q + 5*b, -24826 = -5*q + b. What is the remainder when q is divided by 46?
43
Suppose -33*u + 51*u - 21*u = -639. Calculate the remainder when 825 is divided by u.
186
Suppose 41 = 2*f - 3. Suppose -2*w + 168 = -5*u - 82, -5*w + 4*u = -659. Suppose -b - 61 = -w. Calculate the remainder when b is divided by f.
8
Let t be ((-1204)/(-42))/(3*4/1890). What is the remainder when (1/(-1))/((-15)/t) is divided by 18?
13
Let j = 347 + -322. Suppose 12*m - 350 = 2*m. Let d = m + -21. Calculate the remainder when j is divided by d.
11
Let u(f) = -32*f - 262. Calculate the remainder when 36179 is divided by u(-11).
89
Let o(n) = 8*n**3 + 8*n**2 - 7*n - 35. What is the remainder when o(9) is divided by 103?
99
Let p(q) = -q**3 - 28*q**2 - 27*q + 51. Let i be 16/72*9/6*-81. Calculate the remainder when 150 is divided by p(i).
48
Suppose 275*z - 290*z + 1605 = 0. Suppose 0 = 4*u - 13 + 109. Let p = 42 + u. Calculate the remainder when z is divided by p.
17
Suppose -4*n + 3*v + 3 = 0, -5*n + 2 - 7 = -2*v. Let g = n - -12. What is the remainder when ((-34)/16)/(49/(-392)) is divided by g?
8
Suppose 3*c + 4*o - 30 = -2*c, 0 = -c + 5*o - 23. Let p(l) = 3*l - 11. Let j be p(c). Calculate the remainder when 24 is divided by (-2 - -1 - (-6 + 6))*j.
4
Let t = 184 - 106. Let i = t + -75. Suppose -i*j - 48 = -6*j. Calculate the remainder when 109 is divided by j.
13
Let i = 17228 - 17210. Calculate the remainder when 2079 is divided by i.
9
Suppose -9*x - 3*k = -8*x - 31, -2*k + 58 = 2*x. What is the remainder when 262 is divided by x?
10
Suppose 21*y = 19*y - x + 802, -5*x = -4*y + 1632. What is the remainder when y is divided by 99?
7
Suppose -924 = -111*u + 408. Suppose -4*w = -0*w + 444. Let t = 169 + w. What is the remainder when t is divided by u?
10
Let r = 150 - 68. Suppose -14 - r = -6*n. Let t(z) = 7*z**3 - 3*z**2 + z - 2. Calculate the remainder when t(2) is divided by n.
12
Let k = 144 - 14. Suppose -3*p + 18 = 5*w, 15*w - 18*w + 35 = 4*p. What is the remainder when k is divided by p?
9
Let k(f) = f + 11. What is the remainder when (-50)/125 + 202/5 is divided by k(11)?
18
Suppose -3*y + w + 82 = 2*w, -94 = -3*y - 4*w. Calculate the remainder when ((-2518)/42 + (-6)/(-21))*(1 + -4) is divided by y.
23
Suppose 0 = -788*p + 498*p + 9280. What is the remainder when 200 is divided by p?
8
Let y = 53 + -25. Suppose -49*h + 52*h + 105 = 0. What is the remainder when y is divided by h/(-15) + 85/15?
4
Let r(s) = 2*s**2 - 6*s + 22. Let x = -137 - -141. Let m be r(x). Calculate the remainder when 48 is divided by (126/30)/(9/m).
6
Suppose g - m = 3*m - 3, -4*g + 64 = 3*m. Let d(n) = -2*n + 94. What is the remainder when d(g) is divided by (-2)/(-3) - 58/(-3)?
8
Suppose -2*h = -y + 1521, -10*y - 7575 = -15*y + 5*h. What is the remainder when y is divided by 503?
0
Let o(d) = -70*d - 2155. Calculate the remainder when o(-57) is divided by 108.
107
Let k(z) = -z**2 + 169*z - 3090. Let v = 7 + -2. Calculate the remainder when k(21) is divided by v.
3
Calculate the remainder when (18/(-2))/(-3 + 2) is divided by ((-591)/(-27) - 22)*-27.
0
Calculate the remainder when 284 is divided by (4 - 3 - 50/54) + 2368/108.
20
Suppose -2*k = -j + 5 + 19, 2*k - 96 = -5*j. Let s = 6 - 53. Let r = 84 + s. Calculate the remainder when r is divided by j.
17
Let u = 14291 + -13900. What is the remainder when u is divided by 160?
71
Suppose 2*g + 322*y - 327*y = 19228, 2*g - 19192 = -y. Calculate the remainder when g is divided by 192.
191
Suppose -3*i - 2*o = 2*i - 12, 4*i + 5*o = -4. Suppose 0 = -3*r + r - 4, -i*r - 268 = -5*z. Calculate the remainder when z is divided by 5.
2
Let u = 26631 - 25505. What is the remainder when u is divided by 223?
11
Suppose -5*s + 118 = -3*c, 6*s = 4*s - 8. Suppose -3 = -2*m + 7. What is the remainder when 86 is divided by c*-1*m/10?
17
Suppose 29*s - 35*s = -192. Suppose -26 = -2*k - 2*g - 6, 5*k = 2*g + 29. Calculate the remainder when s is divided by k.
4
Suppose 0 = 3*f - 9, -5*t + t = 3*f - 21. Let d = -1 + t. Suppose 0 = -4*p - 2*q - d*q + 36, p = -4*q + 15. Calculate the remainder when 20 is divided by p.
6
Let o = 11261 - 11215. What is the remainder when 176 is divided by o?
38
Let p = 263 + -257. Calculate the remainder when -12*(-4)/p*1326/208 is divided by 21.
9
Calculate the remainder when 3976 is divided by ((-776)/24 + 9)/(-2*2/36).
196
Let m = -15 + 15. Suppose m = 2*t + t + 1125. What is the remainder when (-3)/(-6) - t/6 is divided by 22?
19
Suppose f + o - 22 = 2*o, -5*o + 106 = 3*f. Let l = -125 - -127. Suppose -l*u = 9*u - 66. Calculate the remainder when f is divided by u.
3
Suppose 0 = -22*j + 787 + 335. Calculate the remainder when 162 is divided by j.
9
Suppose -5*d = 2*b - 1 + 11, -4*d + 4 = 4*b. Suppose -5*u - 50 = b. Let t = u - -48. What is the remainder when 146 is divided by t?
35
Let z(j) = j**3 - j**2 - 6*j - 6. Let r be z(4). Suppose 0 = o + 5*g - 109, 0 = 4*o - 5*g - 493 - r. What is the remainder when o is divided by 64?
60
Let g(t) = t**3 - 8*t**2 - 9*t + 15. Let u be g(8). Let w = 120 + u. Suppose 4*k - w = 77. What is the remainder when 99 is divided by k?
29
Let d(t) = -t**3 - 3*t**2 + 3*t - 2. Let b be d(-4). Suppose 14 + 4 = b*r. Let j = 10261 + -10217. Calculate the remainder when j is divided by r.
8
Let c(x) = 84*x**2 - 3*x. Let p be c(1). Let z = 103 - p. Calculate the remainder when 37 is divided by z.
15
Let p = -46 + 51. Let t be 2 + -4 + 5 + 1. Suppose 2*j - 3*s - 45 = 38, 0 = t*j - 4*s - 168. Calculate the remainder when j is divided by p.
3
Suppose -c = -6, -1106*z + 1102*z + 2*c = -1200. Calculate the remainder when z is divided by 34.
31
Let t(o) = 10*o**2 - 27*o - 25. Suppose 3*c - 91 = 2*a, -c + 9 = 3*a - 25. Calculate the remainder when c is divided by t(-1).
7
Let q be -2 - 8/12*(-2 + -4). Let i(o) = 3*o**2 + 2*o + 16. What is the remainder when i(-4) is divided by (8/(-20))/(q/(-110))?
12
Suppose b - 476 = 2*y, 3*b - 829 = -4*y + 569. Suppose 462*h - b*h + 240 = 0. Calculate the remainder when 44 is divided by h.
14
Suppose o - 50 = t, 5*o - 38 = 4*o + 4*t. Let a = o - -45. Calculate the remainder when a is divided by 21.
15
Let o(l) = -l**3 + 9*l**2 - 12*l - 6. Let f be o(9). Let d = 64 + f. Calculate the remainder when 26 is divided by (-16)/(-24) + d/(-6) + 1.
6
Let d(j) = j**2 - 5*j - 39. Let x = -287 + 297. What is the remainder when d(x) is divided by 3?
2
Let x = -11824 - -12876. Calculate the remainder when x is divided by 30.
2
Let p = -22 + 56. Suppose -39*f + 28 = -206. Calculate the remainder when p is divided by f.
4
Suppose 4 = -g + 7. Suppose -2*t = -w - 5, 3*w + g = 2*t + t. Calculate the remainder when 9/(-2)*(-50)/w is divided by 26.
23
Suppose 408 = 3*k - 2*b, 5*k - b = 2*k + 408. Calculate the remainder when 59022 is divided by k.
134
Suppose r = 5*r - 4*z + 244, 4*r - 2*z + 250 = 0. Let y = 84 + r. What is the remainder when y is divided by 5?
0
What is the remainder when 845 - (25 + -5 - 5) is divided by 412?
6
Let b be (12/1)/(-1)*(5 - 8). Suppose l - 315 + 93 = 0. Calculate the remainder when l is divided by b*(0 + (-20)/(-16)).
42
Suppose -6108 = -23*h - 4981. Calculate the remainder when 2591 is divided by h.
43
Suppose 4*b - 2340 = -2*d, d + b - 1159 - 17 = 0. Calculate the remainder when d is divided by 79.
76
Suppose -4 = -n + 5*a, n + a - 18 = -a. Let t(m) = 99*m - 57. Let q(r) = 16*r - 1. Let k(c) = 6*q(c) - t(c). Calculate the remainder when 34 is divided by k(n).
7
Let d be (-1)/(2 - 1) - 17. Let p be -2 - ((-3)/2)/(d/(-24)). Suppose k + 33 = n, 0 = -3*n + 2*k - p*k + 98. Calculate the remainder when 59 is divided by n.
27
Suppose 30 = 6*w - 330. Suppose 5*x - 7*x - 108 = 0. Let t = -33 - x. What is the remainder when w is divided by t?
18
Let o(g) = g**3 - 15*g**2 + 66*g + 1. Let b(l) = 10*l + 1. What is the remainder when o(8) is divided by b(4)?
40
Suppose -27 = 11*m - 368. Suppose m = c - 0*c. Suppose -4*i + 11 = -57. Calculate the remainder when c is divide